sor of 72 and f?
18
Let b(n) be the third derivative of -n**4/24 + 3*n**3/2 + 5*n**2. Let r be b(4). Let y = 10 - r. What is the greatest common divisor of y and 55?
5
Suppose 20*k = 90 + 190. Calculate the greatest common divisor of k and 6.
2
Let b be -1 + (-171)/(-15) - 30/(-50). What is the highest common factor of b and 187?
11
Let d be (39/52)/((-3)/(-16)). Calculate the highest common divisor of 8 and d.
4
Suppose -5*d = -10*d + 3*k + 560, -3*k + 560 = 5*d. Calculate the highest common factor of d and 252.
28
Let h(f) = 13*f - 54. Let o be h(6). Calculate the greatest common factor of o and 384.
24
Suppose 0 = -4*a - p - 21 + 188, a + 5*p - 37 = 0. Calculate the highest common factor of 3402 and a.
42
Let x(y) = -y - 4. Let h be x(2). Let p = h - -19. Suppose p*d = 17*d - 100. Calculate the greatest common factor of 275 and d.
25
Let m(a) = 14*a**2 + a. Let j be m(1). Let n be ((-960)/(-36))/((0 - -1)/(-3)). Let s = 200 + n. What is the greatest common factor of s and j?
15
Suppose 2*m - 2 = -2*d + 6*d, m - 25 = -4*d. Let g = m - 79. Let f be (-12)/10*g/3. Calculate the highest common factor of f and 14.
14
Let o(v) = -65*v + 654. Let t be o(-6). Calculate the highest common factor of t and 144.
36
Let p be (14/4 - 2)*(-1632)/(-36). Calculate the greatest common divisor of 34 and p.
34
Let p(m) = m**3 - 29*m**2 + 24*m + 41. Let f be p(29). Calculate the highest common divisor of 201 and f.
67
Let y be -6 + (6/15)/((-24)/(-420)). What is the highest common factor of y and 7?
1
Let h(w) = w + 10. Let b be h(16). Suppose -2*j + 5*k = -45 - 1, -j + b = -4*k. Calculate the highest common factor of 6 and j.
6
Let n(a) = -2*a + 107. Let b be n(11). What is the highest common factor of b and 34?
17
Suppose 0*b - 2*b - 40 = -2*r, 7*r - 3*b = 120. Calculate the highest common divisor of 4755 and r.
15
Suppose -10*y + 8 = -12*y. Let p(t) = t**2 - 7. Let w be p(3). Let k = w - y. Calculate the greatest common factor of k and 6.
6
Suppose 2295 = -s + 6*s - 5*m, 462 = s + 2*m. Let t = -251 + s. Calculate the greatest common factor of 19 and t.
19
Suppose 363 + 557 = 5*h. What is the greatest common factor of 69 and h?
23
Suppose 3*d + 177 = 4*i, 4*d - 1 = 3. Let b = -467 + 476. Calculate the highest common divisor of i and b.
9
Let h = -1007 + 1026. Calculate the greatest common factor of h and 817.
19
Let j be 47 + (-2 - (0 + 0)). Let x be (-1 + 2)*(-30 + 345). Calculate the greatest common factor of x and j.
45
Let y(d) = -2*d + d**3 + 2*d + 3*d + 7*d**2 - 4 + 2*d. Let t be y(-6). Let v be (-8)/(-3) - t/3. What is the greatest common factor of v and 3?
1
Suppose 5*o + 3*g = 239, -6 = o + 5*g - 67. Suppose -5*v + 4*n = -78 - 60, -12 = -4*n. Suppose r - o = v. Calculate the highest common divisor of 19 and r.
19
Let q(l) = 8*l**2 - l + 3. Let p be q(-4). Let n be 16/4*1 + -2 - -191. Let j be n/13 - (-14)/91. Calculate the highest common factor of j and p.
15
Suppose j + 1278 = 2*l, -5*l + 3173 = -20*j + 23*j. What is the highest common divisor of l and 49?
49
Let z(b) = -b**2 + 6*b - 3. Let q be z(5). Suppose -q*l + g + 5 = -9, l = -5*g - 4. Let k = 16 - l. What is the highest common divisor of k and 10?
10
Let h be -4*(2 + 2 + (-225)/20). What is the greatest common divisor of h and 116?
29
Let o be (-2)/5 - (-306)/15. Suppose -2*z = d - 20, 11*d + 2*z = 12*d - 40. Calculate the greatest common divisor of o and d.
10
Let q(o) = -51*o - 717. Let a be q(-16). Let x = 22 - 13. What is the greatest common divisor of a and x?
9
Let y be (-3 - 0) + 39 + 3. Let h = 132 + y. What is the highest common factor of 19 and h?
19
Suppose 22*a - 5*a = 85. Calculate the highest common factor of 95 and a.
5
Let b = -274 - -278. Let d(v) = 2*v**3 - v**2 - v - 1. Let y be d(-1). Let g be -6*1*1/y. Calculate the highest common factor of b and g.
2
Let g be ((-256)/24)/(2/6). Let h = g + 51. Calculate the greatest common factor of 95 and h.
19
Let c be -3 + 40/6 - 10/15. Suppose g = 3*k - 54 - 53, 49 = k + c*g. What is the highest common divisor of k and 74?
37
Suppose -2*j - 20 = -0*j. Let c be (42/(-4))/(-7)*j. Let v be (-580)/c + (-2)/(-6). Calculate the greatest common divisor of v and 13.
13
Suppose 0*w + 4*t = -w + 55, -360 = -5*w - 3*t. Calculate the highest common factor of w and 90.
15
Let x(z) = 13*z**2 + 7*z - 3. Let q be (19/38)/((-1)/(-6)). Let n be x(q). Calculate the highest common divisor of 15 and n.
15
Suppose 7*b - 320 = 3*n + 2*b, b = -3*n - 332. Let i = n - -167. What is the greatest common divisor of 38 and i?
19
Let f be -36*(39/(-9) - -3). Suppose -2*j = 2*q + 44, 2*q + 3*j + 0*j + 46 = 0. Let i = 100 - q. Calculate the greatest common factor of f and i.
24
Suppose -3*w - w - 2*k = -16, 0 = 5*w - k - 20. Suppose -w*d = -2*b - 6, -5*b = -2*b + 4*d - 1. Let z = b + 7. Calculate the highest common divisor of 2 and z.
2
Suppose 0 = -0*s - 13*s + 1274. What is the greatest common factor of s and 42?
14
Let c = -245 + 371. Let r be (-65 - 1)*c/(-28). Let q = 66 + -39. What is the greatest common divisor of q and r?
27
Let f = 7 - -17. Let v(z) = z**2 - 13*z + 18. Let t be v(15). Let o = t - f. Calculate the greatest common divisor of 16 and o.
8
Let v(k) = 3*k - 19. Let h be v(9). Let j = 36 - 28. Calculate the greatest common factor of j and h.
8
Suppose -20*u = -2027 - 6993. Calculate the greatest common divisor of u and 82.
41
Let n(l) = -l + 7. Let c be n(9). Let h = c - -122. Let o(j) = -j**2 - 9*j + 1. Let s be o(-7). What is the greatest common factor of h and s?
15
Let x(m) = -9*m - 3. Let k be x(-8). Suppose 4*s - 91 = k. Suppose 4*f = 18 + 46. What is the highest common divisor of s and f?
8
Suppose 4*x = 3*v - 268, 0 = 3*v - 2*x + 3*x - 248. Calculate the highest common factor of 24 and v.
12
Let m be 35/(-105) + (-64)/(-3). What is the greatest common factor of 24 and m?
3
Let t be ((-2)/(-6))/(6/(-162)). Let p = t + 12. Suppose 4*o - 255 = -p*w, 3 = -2*w - 3. What is the highest common divisor of o and 44?
22
Suppose 13*m - 95 = 8*m. Let g = -10 + m. Suppose 10*p = g*p + 42. What is the highest common factor of 7 and p?
7
Let y = -29 - -40. Suppose -3*c + 93 - 27 = 0. What is the highest common factor of y and c?
11
Suppose -6032 = -23*m + 6618. What is the greatest common divisor of 200 and m?
50
Let o be (-2)/32*-4 - (-11)/4. Suppose -r + 34 = -3*b, -6*r + o*r - b = -62. Let u be 1 + -2 - 0 - -67. What is the highest common divisor of u and r?
22
Suppose -50*v + 18228 = 2828. Calculate the greatest common factor of v and 7.
7
Let l(i) = 3*i + 3. Let h(f) = -4*f - 3. Let n(d) = 6*h(d) + 4*l(d). Let o be n(-15). Calculate the highest common factor of o and 29.
29
Suppose 545 = 4*y + 57. Suppose 3*j - y + 11 = 0. Calculate the greatest common factor of 74 and j.
37
Let k(m) = m**3 + 5*m**2 + 3*m. Let g be k(-4). Suppose -24*r = -200 + 8. Calculate the greatest common divisor of g and r.
4
Suppose -2*o + 6 = -4. Suppose 94 - 19 = o*c. Calculate the highest common divisor of 60 and c.
15
Suppose -p + 3*p + 5740 = 5*i, -p = 5*i - 5740. Calculate the greatest common divisor of 56 and i.
28
Suppose -q = -2*s + 392, 49*s - 54*s = q - 973. What is the greatest common divisor of s and 1040?
65
Let g = -218 + 227. What is the greatest common divisor of g and 1?
1
Let p be -1 - (2 - (23 + -4)). Suppose 3*z = 5*y + 42, -3*z + z + 28 = 2*y. Let i = z - 6. What is the greatest common factor of i and p?
8
Let o be (1 + -3 + 1)*-9. Let k = 43 + -25. Let m be (-104 - 4)*(-12)/k. Calculate the highest common factor of m and o.
9
Let w(d) = d**2 - d - 2. Let a be w(-5). Let l(x) = -2*x**3 + 2*x**2 + 7*x - 2. Let q be l(-2). Calculate the highest common factor of a and q.
4
Suppose 4*v + 3*u - 87 = -28, 4*v - 52 = 4*u. Let j = 23 + -9. What is the greatest common divisor of v and j?
14
Let n(b) = 10*b + 31. Let v be n(-4). Let q be v/12 + 47/4. What is the highest common factor of q and 77?
11
Let c(z) = 3*z**3 + z**2 + 29*z - 59. Let a be c(2). Calculate the greatest common factor of a and 3321.
27
Let s(l) = -41*l + 86. Let j be s(-29). What is the highest common divisor of 75 and j?
75
Let a = 203 + -108. Calculate the highest common factor of a and 15.
5
Let b(g) = 4*g**3 - g**2 - g + 3. Let d be b(1). Suppose 2*m + 13 = -4*x + 107, m = d. What is th